on divisor of 39219503 and 251?
251
What is the greatest common factor of 1176918 and 12879?
159
Calculate the highest common factor of 4590955 and 303.
101
What is the greatest common divisor of 2423745 and 387?
9
Calculate the greatest common divisor of 48104400 and 2928.
48
Calculate the highest common factor of 2097 and 194949.
9
What is the greatest common divisor of 538351726 and 3058?
3058
What is the highest common divisor of 682 and 843964?
22
What is the greatest common factor of 77 and 114213297?
11
Calculate the highest common divisor of 62492 and 14144.
68
Calculate the greatest common factor of 23616 and 69987.
123
Calculate the highest common divisor of 48120448 and 48286.
6898
What is the greatest common divisor of 34908024 and 8181?
303
Calculate the highest common factor of 529284 and 71988.
84
What is the greatest common divisor of 2389758 and 7854?
714
What is the highest common factor of 30238788 and 276?
12
What is the highest common factor of 898 and 1100926448?
898
What is the highest common factor of 657278275 and 2325?
775
What is the highest common divisor of 1981095 and 10?
5
Calculate the highest common factor of 20570 and 221680.
170
What is the greatest common divisor of 133 and 229659612?
133
Calculate the highest common divisor of 1608 and 352624.
8
What is the highest common factor of 38483 and 70818?
29
Calculate the highest common factor of 155 and 193737755.
155
What is the greatest common divisor of 41581484 and 56924?
2996
What is the greatest common divisor of 5060207 and 115?
23
Calculate the greatest common divisor of 39567 and 6048955.
1199
What is the highest common factor of 5890 and 4474540?
310
What is the highest common factor of 76818480 and 10?
10
What is the highest common divisor of 8208 and 11323164?
228
Calculate the greatest common factor of 111 and 32595076.
37
What is the highest common divisor of 22084524 and 837?
279
What is the greatest common divisor of 5102569 and 62?
31
Calculate the greatest common factor of 124 and 104873.
31
What is the highest common divisor of 11841848 and 402?
134
What is the greatest common factor of 4880763 and 162?
27
Calculate the highest common divisor of 189 and 7464618.
63
Calculate the greatest common divisor of 396 and 40892868.
36
What is the highest common factor of 190095948 and 9933?
903
What is the greatest common divisor of 18536 and 1155392?
56
What is the highest common factor of 6769135 and 40?
5
Calculate the highest common factor of 5459415 and 39.
39
What is the greatest common divisor of 2 and 26468198?
2
What is the highest common divisor of 1017 and 87177?
3
Calculate the greatest common factor of 81876761 and 249.
83
Calculate the highest common divisor of 4430608 and 5304.
1768
What is the highest common factor of 17255 and 3421250?
595
Calculate the highest common factor of 6611 and 27005.
11
What is the highest common divisor of 810 and 11695752?
162
Calculate the greatest common divisor of 2565 and 181515.
15
What is the highest common divisor of 598132 and 12?
4
What is the highest common divisor of 47159 and 141211?
7
Calculate the greatest common factor of 20382 and 711.
237
What is the highest common divisor of 72 and 8026983?
9
Calculate the greatest common divisor of 282 and 13179534.
6
Calculate the greatest common factor of 8352 and 69436.
4
What is the greatest common factor of 84 and 21492144?
12
What is the greatest common factor of 351 and 78311124?
27
What is the greatest common divisor of 3921323 and 8104?
1013
What is the greatest common factor of 70 and 17097430?
70
What is the greatest common factor of 153544303 and 11?
11
What is the highest common factor of 222 and 209274?
6
Calculate the highest common factor of 871 and 5469478.
67
Calculate the greatest common factor of 25740 and 167418108.
5148
What is the highest common factor of 873730 and 1158080?
5170
Calculate the highest common factor of 8749 and 884.
13
Calculate the greatest common factor of 9993688 and 1156.
68
Calculate the greatest common factor of 4740 and 2600680.
1580
Calculate the highest common divisor of 329 and 10272.
1
What is the greatest common factor of 14221010 and 68?
34
What is the highest common divisor of 2016 and 2397528?
504
What is the highest common factor of 69860791 and 91?
91
What is the greatest common factor of 4814 and 167504?
58
Calculate the highest common divisor of 11235841 and 1325.
53
Calculate the highest common factor of 303327672 and 8055.
537
Calculate the greatest common divisor of 47425306 and 471098.
4322
What is the highest common factor of 203775 and 1911?
39
What is the highest common divisor of 19876648 and 88?
88
What is the highest common divisor of 3514 and 47145581?
1757
What is the greatest common factor of 1852324 and 350594?
1142
Calculate the highest common factor of 1865262 and 18690.
3738
What is the highest common factor of 603 and 3446279?
67
Calculate the greatest common factor of 1097436 and 22536.
12
What is the greatest common divisor of 23165279 and 4630?
463
Calculate the greatest common divisor of 3279536 and 8528.
208
Calculate the greatest common divisor of 38623 and 2483.
13
What is the highest common factor of 528130 and 59480?
10
Calculate the greatest common divisor of 74118 and 3454.
22
What is the highest common factor of 403 and 2901631?
31
Calculate the greatest common factor of 498 and 104460231.
249
What is the greatest common divisor of 90724 and 71108?
2452
Calculate the highest common divisor of 4689 and 15442961.
521
What is the greatest common factor of 2610496 and 1904?
112
What is the highest common factor of 25 and 1011820?
5
Calculate the greatest common factor of 142225 and 3700.
25
What is the highest common divisor of 57 and 4784105?
19
Calculate the highest common divisor of 17969 and 18225700.
2567
Calculate the greatest common factor of 15468389 and 19615.
3923
Calculate the greatest common factor of 22 and 110774158.
22
What is the greatest common factor of 254863400 and 4588?
4588
What is the highest common divisor of 44890467 and 2594?
1297
What is the highest common divisor of 550 and 39638830?
110
What is the highest common divisor of 2147 and 11434390?
19
What is the greatest common divisor of 4881 and 103593?
3
What is the highest common divisor of 108 and 769311?
27
What is the greatest common divisor of 29984 and 14276?
4
What is the highest common divisor of 92560 and 1236744?
712
Calculate the greatest common factor of 8 and 12278588.
4
What is the highest common divisor of 34626 and 815453842?
11542
Calculate the greatest common factor of 29224 and 15320682.
7306
What is the highest common divisor of 40095 and 49140?
135
What is the highest common factor of 21522960 and 54?
18
Calculate the greatest common divisor of 7577336 and 156.
52
Calculate the greatest common factor of 6950202 and 232029.
2667
Calculate the greatest common divisor of 14268580 and 20068.
116
Calculate the greatest common factor of 31402966 and 2142.
14
What is the highest common factor of 13650 and 944175?
75
What is the highest common factor of 872128445 and 1990?
995
What is the highest common divisor of 154 and 1528338?
14
Calculate the greatest common divisor of 75990 and 9382530.
4470
Calculate the highest common factor of 7130 and 586086.
1426
What is the greatest common divisor of 406 and 1802613407?
203
What is the greatest common divisor of 32147850 and 1631706?
10806
What is the highest common divisor of 95826896 and 8?
8
What is the greatest common divisor of 307313 and 841?
29
Calculate the highest common divisor of 2344536 and 27288.
72
What is the highest common factor of 29781891 and 54?
27
Calculate the greatest common divisor of 4604371 and 681670.
6197
Calculate the highest common divisor of 318442 and 4.
2
What is the highest common factor of 18096 and 1167660?
156
Calculate the greatest common divisor of 27270 and 552470.
1010
Calculate the greatest common divisor of 6246383 and 176605.
2717
What is the greatest common factor of 148379 and 131835?
517
Calculate the highest common factor of 49 and 2712234.
7
What is the highest common divisor of 2 and 255992?
2
What is the highest common divisor of 22135 and 25365?
95
Calculate the highest common factor